100011
214004 (base 5) to base 4
1303103
What is 123221 (base 4) in base 14?
905
What is -45254 (base 11) in base 12?
-31b00
What is 341 (base 11) in base 8?
630
What is 353205 (base 6) in base 3?
1112212212
Convert 1532 (base 6) to base 16.
1a0
Convert -151114 (base 7) to base 9.
-44061
What is 3ee1 (base 15) in base 2?
11010010101110
Convert 224104 (base 5) to base 16.
1f5d
Convert -1224 (base 6) to base 2.
-100110000
-5084 (base 9) to base 3
-12002211
Convert -1a4 (base 14) to base 3.
-110121
Convert -1d5 (base 16) to base 13.
-2a1
What is 17020 (base 9) in base 10?
11682
-5848 (base 13) to base 7
-51100
Convert -10220 (base 7) to base 2.
-100111010001
6d0 (base 14) to base 5
20413
Convert -d5c (base 16) to base 9.
-4620
Convert -11202 (base 3) to base 10.
-128
1ab8c (base 14) to base 10
68136
What is -1d2 (base 15) in base 6?
-1542
Convert 212213 (base 4) to base 13.
1181
Convert 6c03 (base 15) to base 5.
1213303
355 (base 12) to base 5
3442
Convert 628 (base 13) to base 4.
100120
ccd (base 14) to base 15
b3d
What is 31231 (base 4) in base 11?
728
-2112022100 (base 3) to base 15
-eb4c
11000110 (base 2) to base 10
198
What is -54425 (base 9) in base 6?
-434552
Convert 85 (base 11) to base 4.
1131
Convert -11550 (base 8) to base 9.
-6730
-57c8 (base 13) to base 12
-7178
-6b7 (base 14) to base 2
-10100111001
What is -22243 (base 10) in base 5?
-1202433
Convert -222303 (base 4) to base 12.
-1703
What is 575 (base 9) in base 14?
25b
What is -645 (base 9) in base 7?
-1352
-11e52 (base 16) to base 14
-1c9d8
What is -330110 (base 4) in base 13?
-19ac
Convert -229 (base 13) to base 5.
-2443
Convert -dd (base 14) to base 10.
-195
791 (base 10) to base 2
1100010111
11113300 (base 4) to base 16
55f0
345 (base 14) to base 4
22021
Convert -a31 (base 11) to base 3.
-1201002
-36ba (base 13) to base 5
-222013
156b3 (base 12) to base 2
111011010100111
What is -20214 (base 5) in base 12?
-911
-202212 (base 3) to base 5
-4223
What is -9e5 (base 15) in base 11?
-1757
-4927 (base 10) to base 13
-2320
What is -173 (base 16) in base 9?
-452
-110200 (base 4) to base 6
-10024
What is -1160 (base 8) in base 9?
-763
668a (base 13) to base 16
37e6
12d (base 15) to base 2
100001100
65a3 (base 13) to base 12
8240
Convert 334 (base 6) to base 4.
2002
What is 2439 (base 10) in base 3?
10100100
What is -3ed3 (base 16) in base 3?
-211001200
What is -1242 (base 5) in base 13?
-122
What is -9184 (base 10) in base 4?
-2033200
-1020022 (base 3) to base 9
-1208
Convert 1b1 (base 16) to base 6.
2001
-2829 (base 10) to base 7
-11151
What is 2c45 (base 14) in base 5?
223101
-5535 (base 7) to base 12
-1196
Convert 4014 (base 5) to base 12.
365
Convert 1256 (base 11) to base 5.
23014
Convert 23811 (base 10) to base 2.
101110100000011
What is -325 (base 14) in base 15?
-2b6
Convert 1799 (base 10) to base 8.
3407
What is -1725 (base 10) in base 13?
-a29
Convert -12c7 (base 16) to base 15.
-1657
f77 (base 16) to base 6
30155
Convert 6dd (base 15) to base 14.
7d4
What is 11405 (base 10) in base 7?
45152
-297 (base 11) to base 4
-11130
-3ac0 (base 14) to base 13
-493c
Convert -7384 (base 13) to base 14.
-5b86
Convert -b77 (base 14) to base 6.
-14245
-9ae8 (base 16) to base 3
-2000101202
What is 5142 (base 7) in base 2?
11100000010
What is b49 (base 15) in base 10?
2544
What is -205 (base 10) in base 4?
-3031
1423 (base 8) to base 2
1100010011
What is 12 (base 6) in base 12?
8
What is -302333 (base 5) in base 7?
-40222
Convert -160204 (base 7) to base 4.
-13221103
Convert -336611 (base 7) to base 6.
-1141412
Convert -1106 (base 9) to base 10.
-816
Convert -20120 (base 3) to base 2.
-10110001
-10111010 (base 2) to base 9
-226
50440 (base 6) to base 10
6648
-24434 (base 5) to base 4
-131031
Convert -74641 (base 9) to base 3.
-2111201101
Convert -32 (base 8) to base 7.
-35
138 (base 9) to base 5
431
3609 (base 13) to base 16
1dbe
5335 (base 6) to base 16
4bb
Convert 14c44 (base 13) to base 9.
60074
31221 (base 7) to base 10
7659
1110121100 (base 3) to base 5
1410442
What is 54d0 (base 16) in base 3?
1002210011
Convert -127b2 (base 14) to base 4.
-23011320
-12102 (base 3) to base 7
-266
What is 5061 (base 7) in base 3?
2102010
What is 3034 (base 6) in base 10?
670
Convert -1130 (base 8) to base 11.
-4a6
Convert -1306 (base 11) to base 3.
-2022222
-1000110000101 (base 2) to base 7
-16035
-24 (base 8) to base 2
-10100
Convert 557 (base 11) to base 10.
667
Convert 426 (base 11) to base 15.
242
-798 (base 11) to base 15
-439
Convert 7623 (base 12) to base 2.
11001010111011
1102 (base 11) to base 15
66e
-41b2 (base 13) to base 14
-3462
Convert -29208 (base 10) to base 5.
-1413313
Convert 564a (base 12) to base 9.
14104
9a8 (base 13) to base 16
67b
Convert -1637 (base 14) to base 6.
-30213
Convert -2010 (base 3) to base 13.
-45
What is -32721 (base 8) in base 14?
-5041
What is -4566 (base 16) in base 13?
-8118
What is 26437 (base 8) in base 14?
42d1
-30210 (base 4) to base 6
-3420
What is -3949 (base 12) in base 13?
-2c8b
What is -17c (base 13) in base 14?
-156
Convert 23 (base 9) to base 4.
111
Convert -58c4 (base 16) to base 5.
-1211344
What is 1033 (base 7) in base 8?
557
6241 (base 10) to base 2
1100001100001
Convert 521 (base 6) to base 3.
21011
Convert -110110010100011 (base 2) to base 13.
-c874
737 (base 8) to base 9
582
Convert c6 (base 14) to base 10.
174
-22412 (base 9) to base 8
-35103
What is -10084 (base 9) in base 6?
-50421
-10303 (base 5) to base 9
-861
Convert -154 (base 14) to base 3.
-101000
11003 (base 4) to base 5
2243
Convert -3021 (base 5) to base 13.
-239
Convert 120122 (base 3) to base 16.
1a6
Convert 251103 (base 6) to base 4.
11130033
17297 (base 13) to base 9
66815
Convert -1020 (base 5) to base 10.
-135
What is 1684b (base 12) in base 5?
2013230
Convert -1020102010 (base 3) to base 16.
-5f25
What is -1c65 (base 14) in base 10?
-5185
What is -1302001 (base 4) in base 16?
-1c81
What is 20011021 (base 3) in base 10?
4489
Convert -3322430 (base 5) to base 2.
-1110001000001001
-3050 (base 12) to base 16
-147c
What is 125 (base 15) in base 8?
404
Convert 20 (base 8) to base 16.
10
What is 401522 (base 6) in base 14?
b6b0
What is -790 (base 11) in base 3?
-1022001
What is 5409 (base 10) in base 7?
21525
-2d7 (base 15) to base 13
-3b2
Convert -4431 (base 7) to base 2.
-11000110110
What is 11135 (base 6) in base 5?
22241
Convert -144265 (base 7) to base 12.
-141b4
-1280 (base 13) to base 7
-10460
Convert -27706 (base 8) to base 10.
-12230
What is -41350 (base 11) in base 8?
-165631
11101001111 (base 2) to base 3
2120022
Convert -1431003 (base 5) to base 14.
-ada0
-4435 (base 6) to base 3
-1102012
What is 100221212 (base 3) in base 4?
1301123
What is -30144 (base 6) in base 9?
-5371
What is 109 (base 16) in base 15?
12a
Convert 473 (base 9) to base 13.
240
-616 (base 9) to base 14
-27b
What is 298 (base 15) in base 5?
4333
Convert -2016 (base 8) to base 7.
-3012
2415 (base 9) to base 2
11100000100
-356a (base 13) to base 12
-4430
-111111001011 (base 2) to base 4
-333023
32577 (base 8) to base 15
40d0
Convert -12ad (base 16) to base 10.
-4781
Convert 492 (base 13) to base 9.
1073
What is -1110001101010101 (base 2) in base 13?
-20649
1241 (base 7) to base 6
2102
Convert -202012 (base 4) to base 13.
-cbb
3226 (base 7) to base 5
14042
-214 (base 12) to base 6
-1224
Convert 1213203 (base 4) to base 15.
1e6c
-2030121 (base 4) to base 11
-6829
Convert 68812 (base 9) to base 8.
131441
101000000010 (base 2) to base 15
b5c
What is -17705 (base 9) in base 3?
-121210012
15303 (base 6) to base 3
10102010
What is 123054 (base 6) in base 10?
11050
What is -5800 (base 11) in base 6?
-55143
Convert 522d (base 14) to base 6.
145305
What is -28597 (base 11) in base 2?
-1001111011000001
Convert -1115413 (base 6) to base 2.
-1101111010000001
What is -21120 (base 3) in base 9?
-246
-2211220 (base 3) to base 5
-31301
cb0e (base 16) to base 13
1a878
What is b208 (base 13) in base 3?
1020121220
-5f2 (base 16) to base 10
-1522
Convert 3c7 (base 14) to base 11.
634
Convert aab (base 16) to base 8.
5253
Convert 10001101000 (base 2) to base 4.
101220
112030 (base 4) to base 12
9a4
11210002201 (base 3) to base 16
16fa2
Convert -25218 (base 11) to base 8.
-106546
-31010 (base 5) to base 2
-11111010101
What 